etermine b(0).
0
Let t = -5 + 2. Let b(r) = 4*r**3 - r. Let v(f) = f**3 - f**2 + 1. Let q(d) = -b(d) + 3*v(d). Determine q(t).
0
Let a(l) be the third derivative of l**6/120 + 2*l**5/15 + l**4/4 - l**3/3 + 2*l**2 - 9. Calculate a(-7).
5
Let w(p) = -p**2 + 5*p + 1. Let b be w(5). Let c(r) = 9*r**2 - r + 1. Calculate c(b).
9
Let l = -1 - -5. Let o(w) = 2*w**3 + 4*w**2 + 2*w - 6. Let k(d) = -3*d**3 - 4*d**2 - 2*d + 7. Let z(v) = l*o(v) + 3*k(v). Let h = 4 + -2. What is z(h)?
9
Let z(h) = 0*h + 5 - 2*h**2 - 4 - 2*h**3 - 4*h + 3*h**3. Let g(y) = -y**3 + 4*y**2 + 5*y + 1. Let n be g(5). Suppose -f + 2 = -n. Determine z(f).
-2
Let s be (3 - (-1 - 17))*-1. Let u = s + 16. Let c(k) = -k**2 - 6*k - 4. Let x(o) = -o. Let t(d) = -c(d) + x(d). Calculate t(u).
4
Let r(w) = -w - 4. Let y(h) = h + 5. Let u(b) = 6*r(b) + 5*y(b). Let f(n) = 2*n - 1. Let i(p) = -6*f(p) - 7*u(p). Determine i(-2).
9
Let q = 23 - 14. Let f(x) = -11*x**2 - 14*x - 15. Let l(a) = -5*a**2 - 7*a - 7. Let i(v) = q*l(v) - 4*f(v). Determine i(-5).
7
Let o(a) be the first derivative of -a**4/4 + 2*a**3 + 3*a**2 - 3*a + 2. Determine o(7).
-10
Let k(t) be the first derivative of -t**4/4 + 8*t**3/3 + t**2/2 - 8*t + 10. Determine k(8).
0
Let i(n) = n**2 - 5*n - 1. Let a = -13 + 18. What is i(a)?
-1
Suppose 0*t - 24 = -4*t. Let g(k) = 29*k**3 - 11*k**2 + 15*k - 15. Let c(s) = 14*s**3 - 5*s**2 + 7*s - 7. Let x(v) = t*g(v) - 13*c(v). Determine x(1).
-9
Let j(t) = t**3 - 10*t**2. Let q be j(10). Let z be (-18)/30*(-15 + 0). Let m(s) = z - 7 + 6 - s - 2. Give m(q).
6
Let q(a) = -4*a + 1. Let c(w) = w**2 - w - 5. Let b be c(3). Give q(b).
-3
Suppose -4 = -4*o + 4. Suppose m = -o*m. Let w(y) = y**2 - y + 3. What is w(m)?
3
Let l(q) be the second derivative of q**8/6720 - q**7/2520 + q**5/120 - q**4/4 + 3*q. Let b(c) be the third derivative of l(c). Give b(2).
5
Let x(k) = 0*k**2 + 2*k + 2*k**2 - 5*k - k**2 + 1. Suppose 2*n = -2 + 4. What is x(n)?
-1
Let i(t) be the second derivative of -t**4/12 + t**3/2 + 2*t**2 - 3*t. Suppose 0 = -3*h + 4*z - 8, 2*h + 3*z = 27 - 4. Determine i(h).
0
Let t(y) = -14*y + 2. Let h be 1 + (-1 - (-1 + -1)). Determine t(h).
-26
Suppose v = -4*b + 16, 3*b + v - 2*v = 12. Suppose 31 = 2*x + b*m + 11, -2*x + 18 = 2*m. Suppose -12 = 4*p + x. Let l(t) = t**2 + 8*t + 7. Give l(p).
-8
Let d(t) be the third derivative of -t**2 + 1/6*t**3 + 0*t + 1/15*t**6 - 1/30*t**5 + 0*t**4 + 0. Suppose 5*y = -4*l + 9 + 15, 5*l - 2*y = -3. Calculate d(l).
7
Let h(g) = 115*g + 1 - 113*g + 0*g**2 + g**2 + 1. Determine h(3).
17
Let h(c) = -c - 2. Let s = 10 + 4. Let x = 8 - s. Calculate h(x).
4
Let z(b) = -b**2 - 7*b - 8. Let p = -22 + 13. Let l(s) = -4*s + 9. Let q be l(6). Let t = q - p. What is z(t)?
-2
Let n(r) = r**3 + 7*r**2 - 9*r. Let m be n(-8). Let c(z) = -2*z + 3*z**2 - m*z**2 + 4*z**2. What is c(-2)?
0
Let s(q) = q**2 + 1. Let r(u) = -6*u**2 - 5*u + 7*u + 4*u - 10. Let t be 1/(-3) - 14/3. Let x(l) = t*s(l) - r(l). Calculate x(4).
-3
Let q(f) = -f - 3. Let o be 2/11 + 114/(-22). Determine q(o).
2
Let a(k) = k**2. Let u(s) = 5*s**2 - 8*s - 4. Let o(i) = 6*a(i) - u(i). Give o(-6).
-8
Let o(q) = -1 - 45*q**2 - 7 + 44*q**2 + 5*q + 3. Let j be o(2). Let f(w) = -12*w + 1. Give f(j).
-11
Let d(n) be the first derivative of 9 + n - 3/2*n**2. Determine d(-2).
7
Let r(b) = -4*b**2 - b + 3. Let x(q) = -13*q**2 - 2*q + 10. Let t(o) = 7*r(o) - 2*x(o). Determine t(-3).
-8
Let h = 125 - 119. Suppose 0 = l + 2*l - 6. Let b(a) = -5*a - a**2 + l*a**2 - 2*a**2 - h. What is b(-4)?
-2
Let s(b) be the first derivative of -b**3/2 + b**2 - 2*b + 1. Let v(n) be the first derivative of s(n). Calculate v(-3).
11
Let s(z) = -2 + 7 - 14*z - 3. Let c(d) = 7*d - 1. Let r be (((-144)/45)/4)/(1/(-5)). Let t(o) = r*s(o) + 9*c(o). Calculate t(1).
6
Let j be 6 - (-2 - (3 + -10)). Let n(q) = 2*q**3 + q**2. Calculate n(j).
3
Let g(r) be the first derivative of r**4/4 + 2*r**3 + 3*r**2 + 6*r + 1. Suppose -3*p + 2 - 17 = 0. Determine g(p).
1
Let y = -22 - -27. Let r(t) = -t**2 + 2*t - 2. What is r(y)?
-17
Suppose -2*p - 2 = 4. Let o(l) = -l**2 - 5*l + 2. Calculate o(p).
8
Let u = -4 + 11. Let r(m) = -m**2 - 3 + 1 - 5*m + u. What is r(-5)?
5
Let w(d) = -7*d**2 + 6*d + 2. Let b(v) be the first derivative of 5*v**3 - 6*v**2 - 4*v - 1. Let m(h) = 6*b(h) + 13*w(h). What is m(4)?
10
Suppose 3*b = 4*b - 4. Suppose -b*k = 3 + 1. Let n(z) = 6*z**2 + 2*z + 1. Let t(f) = -11*f**2 - 4*f - 2. Let s(g) = -5*n(g) - 3*t(g). Determine s(k).
2
Let j(z) be the second derivative of z**3/6 + z. Suppose -2 - 4 = -u + 2*k, -3*u = k + 17. Let x(f) = f**2 + 6*f + 5. Let o be x(u). Give j(o).
-3
Let p(f) = 4*f - 3. Let w be (0/(-1))/(6 + -8). Suppose w = 6*o - o - 10. Determine p(o).
5
Let b(m) = 3*m + 1 - 2*m + 3*m**2 - m**2. Let d(o) = o**3 + 6*o**2 + 8*o + 14. Let a be d(-5). Calculate b(a).
2
Let z = -10 - -4. Let t(k) = k**2 + 6*k - 2. Give t(z).
-2
Let b(j) be the first derivative of j**3/3 - 5*j**2/2 - j + 2. Let v(q) be the first derivative of b(q). Let o = 9 - 5. What is v(o)?
3
Let b(p) = -5*p**3 + 14*p**2 + 15*p - 1. Let v(n) = 2*n**3 - 7*n**2 - 7*n. Let w(y) = 3*b(y) + 7*v(y). Give w(-6).
-15
Let y(j) be the third derivative of -j**6/120 - j**5/12 - j**4/8 - 5*j**3/6 + 3*j**2. Determine y(-4).
-9
Let t(h) = -6*h - 2. Suppose -3*q - 1 = -4. Let y be ((-6)/q)/((-3)/4). Let l = 6 - y. What is t(l)?
10
Let a be ((-20)/6)/((-10)/15). Let n(r) = -4*r**3 + 5*r**2 + 2*r - 1. Let k(t) = 5*t**3 - 5*t**2 - 3*t + 2. Let u(p) = -3*k(p) - 4*n(p). Give u(a).
3
Let o(g) = g**2 - 5*g + 1. Let b(a) = a + 8. Let q be b(-6). Suppose -2*y = -q - 2. Let l(k) = k**2 - 5*k + 1. Let p(u) = y*o(u) - 3*l(u). Determine p(6).
-7
Suppose 2*p = -5*i - 7, 4*i = -4*p + p. Let t(f) = 4*f + 1 + 3 - 5*f. Calculate t(i).
7
Let d(a) = a - 1. Let i(t) = 6*t + 1. Let q(x) = -x + 4. Let h be q(5). Let g(c) = h*i(c) + 4*d(c). Calculate g(-6).
7
Let s(v) be the second derivative of -v**3/2 + 2*v**2 - 16*v. Determine s(3).
-5
Let u(q) = -4*q - 2. Suppose -4*w = w + 45. Let n(x) = x**2 + x - 6. Let h be n(0). Let o be (h/4)/(w/(-12)). Give u(o).
6
Let j(u) = u**3 + 6*u**2 + 6*u + 4. Let m be 2/(-2)*4/1. Give j(m).
12
Suppose -3*j + 6 = -0*j. Suppose -j*a + 12 = a. Let f(v) = -2 - v - v**2 - 2*v + 7*v. Calculate f(a).
-2
Let h be (14 + -8)*30/4. Let t(p) = 41 - 6*p - h + p. Calculate t(-3).
11
Let s(f) = f - 4. Suppose -5*z - d + 18 = 65, -d = -2*z - 23. Let v be (-26)/(-10) + z/(-25). Suppose v*h - 10 = -4*x + 5*h, 2*x - 5*h = 9. What is s(x)?
-2
Let l be ((-2)/(-6))/(1/(-9)). Let p(c) = -9*c + 4*c - c**2 + 1 + 4*c. Give p(l).
-5
Let p = -6 + 6. Suppose -3 = -p*y - y. Let c(s) = -4*s - 3 + y*s + 1 + 0*s. Determine c(-5).
3
Suppose 2*k = -0 - 6. Let c(z) = z**3 + 3*z**2 + z - 4. Determine c(k).
-7
Suppose 0 = 4*m - m - 18. Suppose -2*j - 12 = -5*i + i, 4*j + m = 2*i. Let o(s) = 5*s - 3. What is o(i)?
12
Suppose -3*h = -2*n - 7, 2*n + 17 = -2*n + 3*h. Let m(z) = -z - 2. Give m(n).
3
Suppose -2*h + p = -27, -4*p = -4*h + 39 + 21. Let m = 7 - h. Let n(i) = -i**3 - 5*i**2 - 2*i - 7. Give n(m).
3
Let w = 14 - 14. Let z = -8 - -13. Suppose w*k + k - z = -5*f, 3*f - 1 = -k. Let r(n) = -n**3 + 3*n**2 - 1. Determine r(f).
3
Let w(j) be the first derivative of -j**3/3 + j**2/2 + 4*j - 10. Determine w(5).
-16
Let s(v) = -v**2 + 6*v - 1. Let w be (-30)/(-7) + 4/(-14). Let x(a) = -a**3 + 3*a**2 + 6*a - 6. Let c be x(4). Suppose -c*y + w*y = 10. Determine s(y).
4
Suppose x - 3 = -9. Let j = -6 + 13. Let z(m) = 0*m**2 + j*m - 2*m**2 + 3*m**2 + 8. Calculate z(x).
2
Let o(z) = -15*z - 5. Let d(j) = -5*j - 7. Let m(f) = 1. Let r(t) = -d(t) - 5*m(t). Let u(v) = 3*o(v) + 8*r(v). Give u(1).
-4
Let q(z) = 4*z**2 + z. Suppose -4*w + 12 = -3*t, -12 = -4*w + t + 3*t. Suppose 0 = -w*g + 4*g - 1. Calculate q(g).
5
Let k be (-2)/(2/3)*-2. Let b(d) = -d**3 - 4*d**2 - 2*d - 3. Let f be b(-4). Suppose -3*q + 12 = 5*w - k, 5*q - 20 = -f*w. Let r(a) = a - 1. What is r(q)?
0
Let d(b) be the first derivative of b**3/3 + 3*b**2/2 - 3*b - 1. Suppose 0 = -4*c - 4*u + 2*u - 24, 3*u - 14 = 4*c. Calculate d(c).
7
Let i(t) = -t**2 - 5*t + 4. Let f be 1/(-2*2/(-12)). Let n be -1 + 3/((-3)/f). Let v be 1 + n - (-3 - -5). Calculate i(v).
4
Let h(u) = -u**3 - 2*u**3 - u + 4*u**3 + 1. Let w(s) = -7*s + 16. Let j(r) = 3*r - 8. Le